s divided by 116.
20
Calculate the remainder when 749234 is divided by 136.
10
Calculate the remainder when 2919603 is divided by 522.
57
Calculate the remainder when 2782205 is divided by 8041.
19
Calculate the remainder when 18134682 is divided by 360.
42
Calculate the remainder when 8269761 is divided by 161.
157
What is the remainder when 5211254 is divided by 363?
26
What is the remainder when 6687 is divided by 379?
244
Calculate the remainder when 1039552 is divided by 385.
52
What is the remainder when 1314575 is divided by 1313412?
1163
What is the remainder when 48513639 is divided by 267?
6
What is the remainder when 5620299 is divided by 1124055?
24
What is the remainder when 9266028 is divided by 59019?
45
What is the remainder when 177168 is divided by 30?
18
Calculate the remainder when 414614 is divided by 7678.
2
What is the remainder when 3231640 is divided by 461562?
706
What is the remainder when 276179 is divided by 26564?
10539
Calculate the remainder when 286015 is divided by 20.
15
Calculate the remainder when 198157 is divided by 49530.
37
What is the remainder when 22401419 is divided by 22401399?
20
What is the remainder when 6608640 is divided by 9908?
4
Calculate the remainder when 42626238 is divided by 1240.
1238
Calculate the remainder when 33369 is divided by 261.
222
What is the remainder when 609544719 is divided by 6040?
6039
What is the remainder when 42211 is divided by 10471?
327
Calculate the remainder when 1122594 is divided by 1270.
1184
Calculate the remainder when 111634 is divided by 6500.
1134
What is the remainder when 40824647 is divided by 629?
31
What is the remainder when 5076405 is divided by 2538044?
317
Calculate the remainder when 1990705 is divided by 1828.
13
Calculate the remainder when 4388240 is divided by 2910.
2870
Calculate the remainder when 624753 is divided by 1352.
129
What is the remainder when 7937413 is divided by 588?
1
What is the remainder when 3610233 is divided by 6686?
6479
Calculate the remainder when 201391 is divided by 1683.
1114
What is the remainder when 9229353 is divided by 576834?
9
What is the remainder when 82345 is divided by 1115?
950
What is the remainder when 20109 is divided by 59?
49
What is the remainder when 32516 is divided by 30441?
2075
Calculate the remainder when 390901 is divided by 55841.
14
What is the remainder when 616207 is divided by 308029?
149
Calculate the remainder when 125613595 is divided by 49.
37
Calculate the remainder when 5476435 is divided by 11199.
124
Calculate the remainder when 1215269 is divided by 607633.
3
Calculate the remainder when 2199240 is divided by 37.
34
Calculate the remainder when 185119 is divided by 1734.
1315
What is the remainder when 2044305 is divided by 473?
472
Calculate the remainder when 91530 is divided by 11023.
3346
Calculate the remainder when 964031 is divided by 69.
32
What is the remainder when 4486297 is divided by 391?
354
What is the remainder when 5609371 is divided by 10584?
10435
Calculate the remainder when 463834 is divided by 154586.
76
Calculate the remainder when 18329554 is divided by 26.
22
Calculate the remainder when 842917 is divided by 621.
220
What is the remainder when 9597937 is divided by 44027?
51
What is the remainder when 161817 is divided by 382?
231
What is the remainder when 493189 is divided by 493147?
42
Calculate the remainder when 27146642 is divided by 387809.
12
Calculate the remainder when 15976779 is divided by 30.
9
Calculate the remainder when 329833 is divided by 213.
109
Calculate the remainder when 500569 is divided by 139.
30
What is the remainder when 3478455 is divided by 91?
71
What is the remainder when 4323394 is divided by 44571?
7
Calculate the remainder when 3391098 is divided by 423887.
2
What is the remainder when 230496707 is divided by 1698?
1697
Calculate the remainder when 101449 is divided by 1069.
963
Calculate the remainder when 260599 is divided by 149.
147
What is the remainder when 81715 is divided by 1335?
280
What is the remainder when 576721 is divided by 280?
201
What is the remainder when 118197 is divided by 1312?
117
Calculate the remainder when 74022 is divided by 196.
130
What is the remainder when 751965 is divided by 4065?
4005
Calculate the remainder when 8823716 is divided by 154.
132
What is the remainder when 360173 is divided by 120047?
32
What is the remainder when 8207885 is divided by 114?
113
Calculate the remainder when 5544001 is divided by 2207.
17
Calculate the remainder when 2516661 is divided by 59918.
105
Calculate the remainder when 58836 is divided by 1156.
1036
What is the remainder when 69743700 is divided by 69743697?
3
What is the remainder when 74508 is divided by 882?
420
What is the remainder when 6574773 is divided by 12153?
0
What is the remainder when 852305 is divided by 70985?
485
Calculate the remainder when 18507 is divided by 504.
363
Calculate the remainder when 22774171 is divided by 669825.
121
Calculate the remainder when 3038101 is divided by 10.
1
What is the remainder when 8196119 is divided by 4390?
4379
Calculate the remainder when 404825 is divided by 81.
68
Calculate the remainder when 995612 is divided by 248611.
1168
Calculate the remainder when 811650 is divided by 2966.
1932
Calculate the remainder when 2766928 is divided by 220.
208
Calculate the remainder when 43165 is divided by 304.
301
What is the remainder when 11552553 is divided by 32?
9
Calculate the remainder when 327209 is divided by 144.
41
Calculate the remainder when 92302 is divided by 4650.
3952
What is the remainder when 775875 is divided by 1761?
1035
Calculate the remainder when 18408665 is divided by 189780.
5
Calculate the remainder when 297469715 is divided by 4186.
4183
Calculate the remainder when 988691 is divided by 111.
14
Calculate the remainder when 191934 is divided by 38367.
99
What is the remainder when 61679 is divided by 2801?
57
Calculate the remainder when 2730572 is divided by 682634.
36
Calculate the remainder when 7857070 is divided by 40710.
40
Calculate the remainder when 50422 is divided by 684.
490
Calculate the remainder when 75862 is divided by 75108.
754
What is the remainder when 7166 is divided by 4913?
2253
What is the remainder when 19302580 is divided by 2458?
2364
Calculate the remainder when 548075 is divided by 182682.
29
Calculate the remainder when 179538959 is divided by 4980.
4979
Calculate the remainder when 70194 is divided by 1467.
1245
Calculate the remainder when 873960 is divided by 3429.
2994
Calculate the remainder when 2656876 is divided by 27967.
11
Calculate the remainder when 10107392 is divided by 5053659.
74
Calculate the remainder when 2689595 is divided by 21.
20
What is the remainder when 4783763 is divided by 179?
167
Calculate the remainder when 968024 is divided by 430.
94
Calculate the remainder when 242473 is divided by 3107.
127
What is the remainder when 8574020 is divided by 186390?
80
What is the remainder when 316358 is divided by 35150?
8
What is the remainder when 463670 is divided by 46366?
10
What is the remainder when 1983141 is divided by 57?
54
Calculate the remainder when 2000799 is divided by 1000231.
337
What is the remainder when 9696293 is divided by 73?
68
What is the remainder when 5494462 is divided by 134011?
11
Calculate the remainder when 38504415 is divided by 41.
3
What is the remainder when 462043 is divided by 11263?
260
What is the remainder when 7827841 is divided by 244619?
33
Calculate the remainder when 2040969 is divided by 965.
959
Calculate the remainder when 15391995 is divided by 800.
795
Calculate the remainder when 2254538 is divided by 3963.
3554
Calculate the remainder when 122812 is divided by 13354.
2626
What is the remainder when 69822 is divided by 32481?
4860
Calculate the remainder when 4314612 is divided by 1089.
1083
What is the remainder when 144103 is divided by 1163?
1054
What is the remainder when 16708803 is divided by 238697?
13
What is the remainder when 453 is divided by 102?
45
Calculate the remainder when 11684580 is divided by 1669214.
82
What is the remainder when 5123874 is divided by 45?
39
Calculate the remainder when 538417989 is divided by 24.
21
What is the remainder when 408